e hundreds digit of t(-2)?
9
Let q be ((-351)/12)/9*4. Let s = q + 48. What is the units digit of s?
5
Let m = 96 - 103. Let j(s) = 5*s**2 + 4*s - 31. What is the units digit of j(m)?
6
Let g(d) = 5*d**2 + 12*d + 11. What is the tens digit of g(7)?
4
Suppose 3*y = 7*y. Suppose 0 = -w - 3 - y. What is the units digit of w + 10 - (3 + 0)?
4
Suppose 4*q + 5*h = 1969, -4*h + 259 + 727 = 2*q. What is the tens digit of q?
9
Let v = 9 - 7. Let t = v - -3. Suppose 0 = -t*h + 27 + 18. What is the units digit of h?
9
Let c(n) = 3*n - 9. Let h be c(6). Let p be (106/(-265))/(4/(-10)). What is the units digit of (-6 - (p + -4)) + h?
6
Suppose d - 445 = 4*s, 3*d - 678 = -s + 722. What is the units digit of d?
5
What is the units digit of (-30336)/(-36)*3 - 1/(-1)?
9
Let v be (1/4)/((-2)/(-16)). Let l(z) = -4*z + 3*z + 7 - 13 - v*z. What is the units digit of l(-11)?
7
Let s(t) = 2*t**2 + 13*t + 19. Let k be s(-15). Suppose 6*c = k + 74. What is the units digit of c?
8
Let p(t) = 3*t**2 - 77. What is the hundreds digit of p(-16)?
6
Suppose 4*z = -2*d - 615 + 2469, -4*z + 1859 = -3*d. What is the hundreds digit of z?
4
Let z(y) = -4 - y**2 + 3*y + 8*y**2 - 8*y + y**3. Let g be z(-6). Suppose 4*t - 93 = -q - 16, q + t - g = 0. What is the units digit of q?
7
Suppose 0*w = 5*w + 2*c - 140, -c = 0. Suppose 0 = -l - 4*l - 3*m - 2, -4*m - 16 = 0. Suppose 0 = -l*k - w + 114. What is the tens digit of k?
4
Suppose 5*g + 1920 = 3*o, -4*g = -4*o + 5*o - 623. What is the hundreds digit of o?
6
Suppose c = -3*t + 32, -2*t = -4*c + 189 - 5. Let f = -28 + c. What is the units digit of f?
6
Suppose 34952 = -38*m + 46*m. What is the tens digit of m?
6
Let j(k) = 2*k + 16. Let t be j(-10). What is the tens digit of (-23)/(-92) - 9*35/t?
7
Let k = 10 - 5. Suppose -76 = -6*j + k*j. What is the units digit of j?
6
Let b(q) = 16*q**2 - 6*q - 5. What is the tens digit of b(3)?
2
Suppose -4*n + 10*m - 5*m - 35 = 0, 19 = -2*n + m. Let z(f) be the third derivative of -f**4/4 - 5*f**3/3 + 9*f**2 + f. What is the tens digit of z(n)?
5
Let m(g) = -g**3 - 3*g**2 - 3*g + 1. Let z be m(-5). Let o be (-2)/(-6) - z/(-18). Suppose 35 = o*n - 17. What is the units digit of n?
3
Let y be (-2*5/(-8))/((-1)/(-4)). Let o(j) = j**3 - 4*j**2 + 3*j + 4. What is the units digit of o(y)?
4
Let i(y) = -5*y + 43. Let z be i(8). Suppose 2*t = -5*x + 211, z*t - 4*x - 492 = -t. What is the tens digit of t?
1
Let o be -6 + 3 + (8 + 0 - 0). Suppose -o*s + 560 = d + 4*d, 4*d = 3*s + 448. What is the units digit of d?
2
Let i be 17*(17 + -3) - 2. Suppose 4*s - i = -0*s. What is the tens digit of s?
5
Suppose 3*b + 5*c + 1718 = 7*b, -3*c = -4*b + 1714. What is the units digit of b?
7
Let q = -46 - -162. Let k = 121 - q. What is the units digit of k?
5
What is the units digit of (-128)/3*47*6/(-4)?
8
Suppose 54054 = 44*i - 18*i. What is the tens digit of i?
7
Suppose -3*o - 223 = -898. What is the hundreds digit of o?
2
Let q(l) = 3*l**2 - 12*l + 10. Suppose 13 = 2*y + 5*g, -2*y + 26 = y + g. What is the tens digit of q(y)?
4
Suppose -26*a + 31533 = -50601. What is the tens digit of a?
5
What is the thousands digit of (-6)/16 - (-7)/((-896)/(-159536))?
1
Let v = 6060 - 4113. What is the hundreds digit of v?
9
Let k(m) = 12*m**2 - 3*m - 2. Suppose -5*l = i - 9, 5*l + 0*i - 6 = -4*i. What is the units digit of k(l)?
0
Suppose 5*x - 3530 = -3*u, 0 = 2*u - 0*u + 2*x - 2360. What is the units digit of u?
5
Let v(f) = 52*f + 10. Suppose -17*c + 4 = -16*c. What is the tens digit of v(c)?
1
Suppose -4*s + s - 33 = 0. Let l = -33 - -54. Let o = s + l. What is the units digit of o?
0
Suppose 4*g - i - 11 = 0, -3*i = -4*g + 2*i + 23. Let x be (-10 + 11)*g*1. Suppose 0 = -x*z + 31 + 9. What is the tens digit of z?
2
Suppose 0 = 16*l - 31*l + 2970. What is the units digit of l?
8
Let h(u) be the third derivative of u**6/360 + u**4/12 + u**3/2 - 5*u**2. Let s(g) be the first derivative of h(g). What is the units digit of s(0)?
2
Let a = -496 - -1095. Suppose -5*v + 351 = -a. Suppose 3*h = 8*h + 5*g - v, 3*g + 6 = 0. What is the tens digit of h?
4
Suppose 4*p + 0 = 12. Suppose -y + 10 = 5*b, 3 = 3*b - 4*y - p. Suppose 57 = 4*f + 5*v - 14, 42 = b*f - 4*v. What is the tens digit of f?
1
Let n be 4 + -1*(2 - 0). Let c(d) = 5*d - 5. Let w be c(n). Suppose 3*r + 41 = m, -41 = m - 2*m - w*r. What is the tens digit of m?
4
Suppose -2*y = -4*y + 4*l + 264, 0 = -4*y + 3*l + 553. Let q = -14 + y. What is the units digit of q?
8
Let i = 1785 + -783. What is the thousands digit of i?
1
Let n = -289 + 1098. What is the hundreds digit of n?
8
Let p(u) = 5*u - 4. Let m = -4 - 2. Let c be 8 + 3/6*m. What is the units digit of p(c)?
1
What is the tens digit of 6007/4 - (-150)/(-200)?
0
Suppose 4 - 22 = -3*d. Let p(b) = -7 - d*b + 6 + 2*b - 3. What is the units digit of p(-3)?
8
Let o(t) = 79*t**2 - 10*t + 17. What is the hundreds digit of o(3)?
6
Let l = -789 + 1720. What is the hundreds digit of l?
9
Suppose -2*v = 5*h - 2501, -3*v + v + 4*h = -2474. What is the hundreds digit of v?
2
Suppose -90 - 246 = 3*l. Let t = 187 + l. What is the units digit of t?
5
Suppose 2*k = 7*k - 890. What is the tens digit of k?
7
Suppose -7*p = -2*p - 25. Suppose 2*y + 4*b = 118, p*y + 2*b = b + 295. What is the units digit of y?
9
Let a(o) = -2*o**3 + 66*o**2 + 23*o - 66. What is the hundreds digit of a(33)?
6
Suppose -334 = -4*n - 62. Suppose 5*m = 152 + n. What is the units digit of m?
4
Let g = -46 - -77. Suppose -g*h + 26*h + 500 = 0. What is the hundreds digit of h?
1
Let n = -843 - -3160. What is the tens digit of n?
1
Let z = -254 - -903. What is the tens digit of z?
4
Suppose 10*j - 508 = 512. What is the units digit of j?
2
Suppose -7*c + 22 = -230. What is the units digit of ((-33)/(-1))/(3*6/c)?
6
Let a(y) = y - 5. Let r be a(17). What is the units digit of (-2 - -10)*-2*r/(-16)?
2
Suppose -6 = 5*y - 4*y. Let b(g) = 3*g**2 + 3*g + 8. Let m be b(y). What is the units digit of (m/21)/(2/9)?
1
Suppose 3*w + 3*r = -84, 4*w + 98 = -r - 26. Let b = 30 - w. What is the units digit of b?
2
Let w be -2*1 - (-57 - 1). Suppose 4*d - w = -3*d. Suppose -13*a = -d*a - 230. What is the tens digit of a?
4
Suppose 0 = 3*d - 5*d + 6. Suppose 0 = d*v - 0 - 18. Suppose v*u = u + 200. What is the tens digit of u?
4
Let c(o) = -56*o - 119. What is the thousands digit of c(-22)?
1
Let o(l) = 15*l - 9*l - 7*l - 5*l + 16. What is the units digit of o(-7)?
8
Suppose -3*g - 3*k = -1716 - 6774, -3*g + 4*k = -8525. What is the hundreds digit of g?
8
Suppose -5*q + 1 + 24 = 0. Suppose m + 1 - q = 0. Suppose f - 3*p - 25 = 0, 5*f + 31 = m*p + 112. What is the tens digit of f?
1
Let s be (-4 - -1)/(3/(-5)). Let r = 12 + s. Let h = -3 + r. What is the units digit of h?
4
Let y(i) = -79*i - 1. Let u be y(-1). Let m be 2 + (-10)/5 + u. Suppose 3*q = -2*c + 75, c - m = -3*q - 0*c. What is the tens digit of q?
2
Let y(u) = 7*u - 1. Let w be y(1). What is the tens digit of (-3)/(w*(-1)/92)?
4
Let f = -8 - -16. Suppose 5*c + 4*t - 34 = 0, -2*t - f = -0*t. What is the units digit of (-10)/((-4)/c + 0)?
5
Let m = -1318 - -2264. What is the hundreds digit of m?
9
Let p be (-12)/(-21)*(-5)/(10/(-7)). What is the tens digit of (1 - 53)/(0 - (3 - p))?
5
Let p be -3*(-2 + 4 + 24/(-9)). Let c(a) = -2*a - 3. Let v be c(-5). Suppose -v*n + 65 = -p*n. What is the units digit of n?
3
What is the hundreds digit of 9*(1904/21)/8?
1
Let v = 134 + -95. What is the units digit of 288/(-5)*(-130)/v?
2
Suppose -2*o + 2*d + 12 = -3*d, 4*o = 4*d + 36. Let v(r) = -r**3 + 13*r**2 - 15*r - 2. What is the units digit of v(o)?
5
Let d = 886 - 887. Let m = 8 + -4. What is the tens digit of 41 + -1 + d + m?
4
Suppose 3*i - 3*w = -2*i - 25, -2*w = 0. Let j be 2/(-9) - 112/(-18). What is the units digit of i/(-2)*(-4 + j)?
5
What is the tens digit of (-351)/(-2)*(-3)/27*-6?
1
What is the units digit of ((-8)/(-24))/(14/40026)?
3
What is the tens digit of (-182 + -24)/((2 + 0)*-1)?
0
Let i(u) = 14*u**3 - 6*u**2 + 13*u - 77. What is the thousands digit of i(6)?
2
Let i = -20 - -24. What is the tens digit of 3 + -3 + (i - (-32 - 4))?
4
Suppose m = -m - 5*k - 32, 60 = -2*m + 2*k. Let v = m + 31. What is the units digit of 5/(v/(-2)) + 6?
4
Let g(j) be the first derivative of -j**5/60 + j**4/24 + j**3/3 + 5*j**2/2 